[INFO] cloning repository https://github.com/Sedricseron/AES_Rust
[INFO] running `Command { std: "git" "-c" "credential.helper=" "-c" "credential.helper=/workspace/cargo-home/bin/git-credential-null" "clone" "--bare" "https://github.com/Sedricseron/AES_Rust" "/workspace/cache/git-repos/https%3A%2F%2Fgithub.com%2FSedricseron%2FAES_Rust", kill_on_drop: false }`
[INFO] [stderr] Cloning into bare repository '/workspace/cache/git-repos/https%3A%2F%2Fgithub.com%2FSedricseron%2FAES_Rust'...
[INFO] running `Command { std: "git" "rev-parse" "HEAD", kill_on_drop: false }`
[INFO] [stdout] a2aa4dc5f9eeeec8418e1777797ed1a56cdc5baf
[INFO] checking Sedricseron/AES_Rust against master#e6e4f7ed1589e03bc2f6c5931c1a72e7947e8682 for beta-170-4
[INFO] running `Command { std: "git" "clone" "/workspace/cache/git-repos/https%3A%2F%2Fgithub.com%2FSedricseron%2FAES_Rust" "/workspace/builds/worker-7-tc2/source", kill_on_drop: false }`
[INFO] [stderr] Cloning into '/workspace/builds/worker-7-tc2/source'...
[INFO] [stderr] done.
[INFO] validating manifest of git repo https://github.com/Sedricseron/AES_Rust on toolchain e6e4f7ed1589e03bc2f6c5931c1a72e7947e8682
[INFO] running `Command { std: CARGO_HOME="/workspace/cargo-home" RUSTUP_HOME="/workspace/rustup-home" "/workspace/cargo-home/bin/cargo" "+e6e4f7ed1589e03bc2f6c5931c1a72e7947e8682" "metadata" "--manifest-path" "Cargo.toml" "--no-deps", kill_on_drop: false }`
[INFO] started tweaking git repo https://github.com/Sedricseron/AES_Rust
[INFO] finished tweaking git repo https://github.com/Sedricseron/AES_Rust
[INFO] tweaked toml for git repo https://github.com/Sedricseron/AES_Rust written to /workspace/builds/worker-7-tc2/source/Cargo.toml
[INFO] crate git repo https://github.com/Sedricseron/AES_Rust already has a lockfile, it will not be regenerated
[INFO] running `Command { std: CARGO_HOME="/workspace/cargo-home" RUSTUP_HOME="/workspace/rustup-home" "/workspace/cargo-home/bin/cargo" "+e6e4f7ed1589e03bc2f6c5931c1a72e7947e8682" "fetch" "--manifest-path" "Cargo.toml", kill_on_drop: false }`
[INFO] running `Command { std: "docker" "create" "-v" "/var/lib/crater-agent-workspace/builds/worker-7-tc2/target:/opt/rustwide/target:rw,Z" "-v" "/var/lib/crater-agent-workspace/builds/worker-7-tc2/source:/opt/rustwide/workdir:ro,Z" "-v" "/var/lib/crater-agent-workspace/cargo-home:/opt/rustwide/cargo-home:ro,Z" "-v" "/var/lib/crater-agent-workspace/rustup-home:/opt/rustwide/rustup-home:ro,Z" "-e" "SOURCE_DIR=/opt/rustwide/workdir" "-e" "CARGO_TARGET_DIR=/opt/rustwide/target" "-e" "CARGO_HOME=/opt/rustwide/cargo-home" "-e" "RUSTUP_HOME=/opt/rustwide/rustup-home" "-w" "/opt/rustwide/workdir" "-m" "1610612736" "--user" "0:0" "--network" "none" "ghcr.io/rust-lang/crates-build-env/linux@sha256:19e73879b68f455e41552ea35293514db52ea292d993f571636dbffedb77a1ee" "/opt/rustwide/cargo-home/bin/cargo" "+e6e4f7ed1589e03bc2f6c5931c1a72e7947e8682" "metadata" "--no-deps" "--format-version=1", kill_on_drop: false }`
[INFO] [stdout] f9759e51c870b147edce9085e2c3dd4ca3363e4c7c6acfb57da0156c393cba4f
[INFO] running `Command { std: "docker" "start" "-a" "f9759e51c870b147edce9085e2c3dd4ca3363e4c7c6acfb57da0156c393cba4f", kill_on_drop: false }`
[INFO] running `Command { std: "docker" "inspect" "f9759e51c870b147edce9085e2c3dd4ca3363e4c7c6acfb57da0156c393cba4f", kill_on_drop: false }`
[INFO] running `Command { std: "docker" "rm" "-f" "f9759e51c870b147edce9085e2c3dd4ca3363e4c7c6acfb57da0156c393cba4f", kill_on_drop: false }`
[INFO] [stdout] f9759e51c870b147edce9085e2c3dd4ca3363e4c7c6acfb57da0156c393cba4f
[INFO] running `Command { std: "docker" "create" "-v" "/var/lib/crater-agent-workspace/builds/worker-7-tc2/target:/opt/rustwide/target:rw,Z" "-v" "/var/lib/crater-agent-workspace/builds/worker-7-tc2/source:/opt/rustwide/workdir:ro,Z" "-v" "/var/lib/crater-agent-workspace/cargo-home:/opt/rustwide/cargo-home:ro,Z" "-v" "/var/lib/crater-agent-workspace/rustup-home:/opt/rustwide/rustup-home:ro,Z" "-e" "SOURCE_DIR=/opt/rustwide/workdir" "-e" "CARGO_TARGET_DIR=/opt/rustwide/target" "-e" "CARGO_INCREMENTAL=0" "-e" "RUST_BACKTRACE=full" "-e" "RUSTFLAGS=--cap-lints=forbid" "-e" "RUSTDOCFLAGS=--cap-lints=forbid" "-e" "CARGO_HOME=/opt/rustwide/cargo-home" "-e" "RUSTUP_HOME=/opt/rustwide/rustup-home" "-w" "/opt/rustwide/workdir" "-m" "1610612736" "--user" "0:0" "--network" "none" "ghcr.io/rust-lang/crates-build-env/linux@sha256:19e73879b68f455e41552ea35293514db52ea292d993f571636dbffedb77a1ee" "/opt/rustwide/cargo-home/bin/cargo" "+e6e4f7ed1589e03bc2f6c5931c1a72e7947e8682" "check" "--frozen" "--all" "--all-targets" "--message-format=json", kill_on_drop: false }`
[INFO] [stdout] 577c3e6b7e05c440cf32af11dd04b16b0ff973a0f323b77001db05c7775f7f91
[INFO] running `Command { std: "docker" "start" "-a" "577c3e6b7e05c440cf32af11dd04b16b0ff973a0f323b77001db05c7775f7f91", kill_on_drop: false }`
[INFO] [stderr]     Checking hex v0.4.3
[INFO] [stderr]     Checking Crypto v0.1.0 (/opt/rustwide/workdir)
[INFO] [stdout] error[E0432]: unresolved import `bytes`
[INFO] [stdout]  --> src/appendix.rs:1:5
[INFO] [stdout]   |
[INFO] [stdout] 1 | use bytes::Bytes;
[INFO] [stdout]   |     ^^^^^ use of undeclared crate or module `bytes`
[INFO] [stdout] 
[INFO] [stdout] 
[INFO] [stdout] error[E0432]: unresolved imports `crate::bytes_to_matrix`, `crate::inv_mix_columns`, `crate::matrix_to_bytes`, `crate::mix_columns`, `crate::shift_rows`, `crate::sub_bytes`
[INFO] [stdout]  --> src/aes.rs:2:13
[INFO] [stdout]   |
[INFO] [stdout] 2 | use crate::{bytes_to_matrix, inv_mix_columns, matrix_to_bytes, mix_columns, shift_rows, sub_bytes};
[INFO] [stdout]   |             ^^^^^^^^^^^^^^^  ^^^^^^^^^^^^^^^  ^^^^^^^^^^^^^^^  ^^^^^^^^^^^  ^^^^^^^^^^  ^^^^^^^^^ no `sub_bytes` in the root
[INFO] [stdout]   |             |                |                |                |            |
[INFO] [stdout]   |             |                |                |                |            no `shift_rows` in the root
[INFO] [stdout]   |             |                |                |                no `mix_columns` in the root
[INFO] [stdout]   |             |                |                no `matrix_to_bytes` in the root
[INFO] [stdout]   |             |                no `inv_mix_columns` in the root
[INFO] [stdout]   |             no `bytes_to_matrix` in the root
[INFO] [stdout] 
[INFO] [stdout] 
[INFO] [stdout] error[E0432]: unresolved imports `crate::aes::inv_shift_rows`, `crate::aes::inv_sub_bytes`, `crate::aes::r_con`, `crate::aes::s_box`
[INFO] [stdout]  --> src/aes.rs:3:18
[INFO] [stdout]   |
[INFO] [stdout] 3 | use crate::aes::{inv_shift_rows, inv_sub_bytes, r_con, s_box};
[INFO] [stdout]   |                  ^^^^^^^^^^^^^^  ^^^^^^^^^^^^^  ^^^^^  ^^^^^ no `s_box` in `aes`
[INFO] [stdout]   |                  |               |              |
[INFO] [stdout]   |                  |               |              no `r_con` in `aes`
[INFO] [stdout]   |                  |               no `inv_sub_bytes` in `aes`
[INFO] [stdout]   |                  no `inv_shift_rows` in `aes`
[INFO] [stdout] 
[INFO] [stdout] 
[INFO] [stdout] warning: unnecessary parentheses around `for` iterator expression
[INFO] [stdout]   --> src/appendix.rs:55:14
[INFO] [stdout]    |
[INFO] [stdout] 55 |     for i in (0..4) {
[INFO] [stdout]    |              ^    ^
[INFO] [stdout]    |
[INFO] [stdout]    = note: `#[warn(unused_parens)]` on by default
[INFO] [stdout] help: remove these parentheses
[INFO] [stdout]    |
[INFO] [stdout] 55 -     for i in (0..4) {
[INFO] [stdout] 55 +     for i in 0..4 {
[INFO] [stdout]    |
[INFO] [stdout] 
[INFO] [stdout] 
[INFO] [stdout] warning: unnecessary parentheses around `for` iterator expression
[INFO] [stdout]   --> src/appendix.rs:56:18
[INFO] [stdout]    |
[INFO] [stdout] 56 |         for j in (0..4){
[INFO] [stdout]    |                  ^    ^
[INFO] [stdout]    |
[INFO] [stdout] help: remove these parentheses
[INFO] [stdout]    |
[INFO] [stdout] 56 -         for j in (0..4){
[INFO] [stdout] 56 +         for j in 0..4 {
[INFO] [stdout]    |
[INFO] [stdout] 
[INFO] [stdout] 
[INFO] [stdout] warning: unused imports: `bytes_to_matrix`, `matrix_to_bytes`
[INFO] [stdout]  --> src/mods.rs:3:23
[INFO] [stdout]   |
[INFO] [stdout] 3 | use crate::appendix::{bytes_to_matrix, matrix_to_bytes, xor_arrays};
[INFO] [stdout]   |                       ^^^^^^^^^^^^^^^  ^^^^^^^^^^^^^^^
[INFO] [stdout]   |
[INFO] [stdout]   = note: `#[warn(unused_imports)]` on by default
[INFO] [stdout] 
[INFO] [stdout] 
[INFO] [stdout] warning: unnecessary parentheses around `if` condition
[INFO] [stdout]   --> src/mods.rs:30:12
[INFO] [stdout]    |
[INFO] [stdout] 30 |         if (num != 0) {
[INFO] [stdout]    |            ^        ^
[INFO] [stdout]    |
[INFO] [stdout] help: remove these parentheses
[INFO] [stdout]    |
[INFO] [stdout] 30 -         if (num != 0) {
[INFO] [stdout] 30 +         if num != 0 {
[INFO] [stdout]    |
[INFO] [stdout] 
[INFO] [stdout] 
[INFO] [stdout] warning: unnecessary parentheses around `if` condition
[INFO] [stdout]   --> src/mods.rs:68:12
[INFO] [stdout]    |
[INFO] [stdout] 68 |         if (num != 0) {
[INFO] [stdout]    |            ^        ^
[INFO] [stdout]    |
[INFO] [stdout] help: remove these parentheses
[INFO] [stdout]    |
[INFO] [stdout] 68 -         if (num != 0) {
[INFO] [stdout] 68 +         if num != 0 {
[INFO] [stdout]    |
[INFO] [stdout] 
[INFO] [stdout] 
[INFO] [stdout] warning: unnecessary parentheses around assigned value
[INFO] [stdout]   --> src/mods.rs:84:15
[INFO] [stdout]    |
[INFO] [stdout] 84 |     let T_1 = (xor_arrays(encrypt_block(&iv, key), mes_slice));
[INFO] [stdout]    |               ^                                              ^
[INFO] [stdout]    |
[INFO] [stdout] help: remove these parentheses
[INFO] [stdout]    |
[INFO] [stdout] 84 -     let T_1 = (xor_arrays(encrypt_block(&iv, key), mes_slice));
[INFO] [stdout] 84 +     let T_1 = xor_arrays(encrypt_block(&iv, key), mes_slice);
[INFO] [stdout]    |
[INFO] [stdout] 
[INFO] [stdout] 
[INFO] [stdout] warning: unnecessary parentheses around assigned value
[INFO] [stdout]   --> src/mods.rs:94:19
[INFO] [stdout]    |
[INFO] [stdout] 94 |         let T_i = (xor_arrays(encrypt_block(&slice, key), mes_slice));
[INFO] [stdout]    |                   ^                                                 ^
[INFO] [stdout]    |
[INFO] [stdout] help: remove these parentheses
[INFO] [stdout]    |
[INFO] [stdout] 94 -         let T_i = (xor_arrays(encrypt_block(&slice, key), mes_slice));
[INFO] [stdout] 94 +         let T_i = xor_arrays(encrypt_block(&slice, key), mes_slice);
[INFO] [stdout]    |
[INFO] [stdout] 
[INFO] [stdout] 
[INFO] [stdout] warning: unnecessary parentheses around assigned value
[INFO] [stdout]    --> src/mods.rs:107:15
[INFO] [stdout]     |
[INFO] [stdout] 107 |     let T_1 = (xor_arrays(encrypt_block(&iv, key), ciph_slice));
[INFO] [stdout]     |               ^                                               ^
[INFO] [stdout]     |
[INFO] [stdout] help: remove these parentheses
[INFO] [stdout]     |
[INFO] [stdout] 107 -     let T_1 = (xor_arrays(encrypt_block(&iv, key), ciph_slice));
[INFO] [stdout] 107 +     let T_1 = xor_arrays(encrypt_block(&iv, key), ciph_slice);
[INFO] [stdout]     |
[INFO] [stdout] 
[INFO] [stdout] 
[INFO] [stdout] warning: unnecessary parentheses around assigned value
[INFO] [stdout]    --> src/mods.rs:118:19
[INFO] [stdout]     |
[INFO] [stdout] 118 |         let T_i = (xor_arrays(encrypt_block(&slice, key), ciph_slice));
[INFO] [stdout]     |                   ^                                                  ^
[INFO] [stdout]     |
[INFO] [stdout] help: remove these parentheses
[INFO] [stdout]     |
[INFO] [stdout] 118 -         let T_i = (xor_arrays(encrypt_block(&slice, key), ciph_slice));
[INFO] [stdout] 118 +         let T_i = xor_arrays(encrypt_block(&slice, key), ciph_slice);
[INFO] [stdout]     |
[INFO] [stdout] 
[INFO] [stdout] 
[INFO] [stdout] warning: unused imports: `cbc_decrypt`, `cbc_encrypt`, `cfb_decrypt`, `cfb_encrypt`, `ctr_decrypt`, `ctr_encrypt`
[INFO] [stdout]  --> src/main.rs:5:45
[INFO] [stdout]   |
[INFO] [stdout] 5 | use crate::mods::{ecb_encrypt, ecb_decrypt, cbc_decrypt, cbc_encrypt, cfb_decrypt, cfb_encrypt, ctr_decrypt, ctr_encrypt};
[INFO] [stdout]   |                                             ^^^^^^^^^^^  ^^^^^^^^^^^  ^^^^^^^^^^^  ^^^^^^^^^^^  ^^^^^^^^^^^  ^^^^^^^^^^^
[INFO] [stdout] 
[INFO] [stdout] 
[INFO] [stdout] error[E0432]: unresolved import `bytes`
[INFO] [stdout]  --> src/appendix.rs:1:5
[INFO] [stdout]   |
[INFO] [stdout] 1 | use bytes::Bytes;
[INFO] [stdout]   |     ^^^^^ use of undeclared crate or module `bytes`
[INFO] [stdout] 
[INFO] [stdout] 
[INFO] [stdout] error[E0432]: unresolved imports `crate::bytes_to_matrix`, `crate::inv_mix_columns`, `crate::matrix_to_bytes`, `crate::mix_columns`, `crate::shift_rows`, `crate::sub_bytes`
[INFO] [stdout]  --> src/aes.rs:2:13
[INFO] [stdout]   |
[INFO] [stdout] 2 | use crate::{bytes_to_matrix, inv_mix_columns, matrix_to_bytes, mix_columns, shift_rows, sub_bytes};
[INFO] [stdout]   |             ^^^^^^^^^^^^^^^  ^^^^^^^^^^^^^^^  ^^^^^^^^^^^^^^^  ^^^^^^^^^^^  ^^^^^^^^^^  ^^^^^^^^^ no `sub_bytes` in the root
[INFO] [stdout]   |             |                |                |                |            |
[INFO] [stdout]   |             |                |                |                |            no `shift_rows` in the root
[INFO] [stdout]   |             |                |                |                no `mix_columns` in the root
[INFO] [stdout]   |             |                |                no `matrix_to_bytes` in the root
[INFO] [stdout]   |             |                no `inv_mix_columns` in the root
[INFO] [stdout]   |             no `bytes_to_matrix` in the root
[INFO] [stdout] 
[INFO] [stdout] 
[INFO] [stdout] error[E0432]: unresolved imports `crate::aes::inv_shift_rows`, `crate::aes::inv_sub_bytes`, `crate::aes::r_con`, `crate::aes::s_box`
[INFO] [stdout]  --> src/aes.rs:3:18
[INFO] [stdout]   |
[INFO] [stdout] 3 | use crate::aes::{inv_shift_rows, inv_sub_bytes, r_con, s_box};
[INFO] [stdout]   |                  ^^^^^^^^^^^^^^  ^^^^^^^^^^^^^  ^^^^^  ^^^^^ no `s_box` in `aes`
[INFO] [stdout]   |                  |               |              |
[INFO] [stdout]   |                  |               |              no `r_con` in `aes`
[INFO] [stdout]   |                  |               no `inv_sub_bytes` in `aes`
[INFO] [stdout]   |                  no `inv_shift_rows` in `aes`
[INFO] [stdout] 
[INFO] [stdout] 
[INFO] [stdout] warning: unnecessary parentheses around `for` iterator expression
[INFO] [stdout]   --> src/appendix.rs:55:14
[INFO] [stdout]    |
[INFO] [stdout] 55 |     for i in (0..4) {
[INFO] [stdout]    |              ^    ^
[INFO] [stdout]    |
[INFO] [stdout]    = note: `#[warn(unused_parens)]` on by default
[INFO] [stdout] help: remove these parentheses
[INFO] [stdout]    |
[INFO] [stdout] 55 -     for i in (0..4) {
[INFO] [stdout] 55 +     for i in 0..4 {
[INFO] [stdout]    |
[INFO] [stdout] 
[INFO] [stdout] 
[INFO] [stdout] warning: unnecessary parentheses around `for` iterator expression
[INFO] [stdout]   --> src/appendix.rs:56:18
[INFO] [stdout]    |
[INFO] [stdout] 56 |         for j in (0..4){
[INFO] [stdout]    |                  ^    ^
[INFO] [stdout]    |
[INFO] [stdout] help: remove these parentheses
[INFO] [stdout]    |
[INFO] [stdout] 56 -         for j in (0..4){
[INFO] [stdout] 56 +         for j in 0..4 {
[INFO] [stdout]    |
[INFO] [stdout] 
[INFO] [stdout] 
[INFO] [stdout] warning: unused imports: `bytes_to_matrix`, `matrix_to_bytes`
[INFO] [stdout]  --> src/mods.rs:3:23
[INFO] [stdout]   |
[INFO] [stdout] 3 | use crate::appendix::{bytes_to_matrix, matrix_to_bytes, xor_arrays};
[INFO] [stdout]   |                       ^^^^^^^^^^^^^^^  ^^^^^^^^^^^^^^^
[INFO] [stdout]   |
[INFO] [stdout]   = note: `#[warn(unused_imports)]` on by default
[INFO] [stdout] 
[INFO] [stdout] 
[INFO] [stdout] warning: unnecessary parentheses around `if` condition
[INFO] [stdout]   --> src/mods.rs:30:12
[INFO] [stdout]    |
[INFO] [stdout] 30 |         if (num != 0) {
[INFO] [stdout]    |            ^        ^
[INFO] [stdout]    |
[INFO] [stdout] help: remove these parentheses
[INFO] [stdout]    |
[INFO] [stdout] 30 -         if (num != 0) {
[INFO] [stdout] 30 +         if num != 0 {
[INFO] [stdout]    |
[INFO] [stdout] 
[INFO] [stdout] 
[INFO] [stdout] warning: unnecessary parentheses around `if` condition
[INFO] [stdout]   --> src/mods.rs:68:12
[INFO] [stdout]    |
[INFO] [stdout] 68 |         if (num != 0) {
[INFO] [stdout]    |            ^        ^
[INFO] [stdout]    |
[INFO] [stdout] help: remove these parentheses
[INFO] [stdout]    |
[INFO] [stdout] 68 -         if (num != 0) {
[INFO] [stdout] 68 +         if num != 0 {
[INFO] [stdout]    |
[INFO] [stdout] 
[INFO] [stdout] 
[INFO] [stdout] warning: unnecessary parentheses around assigned value
[INFO] [stdout]   --> src/mods.rs:84:15
[INFO] [stdout]    |
[INFO] [stdout] 84 |     let T_1 = (xor_arrays(encrypt_block(&iv, key), mes_slice));
[INFO] [stdout]    |               ^                                              ^
[INFO] [stdout]    |
[INFO] [stdout] help: remove these parentheses
[INFO] [stdout]    |
[INFO] [stdout] 84 -     let T_1 = (xor_arrays(encrypt_block(&iv, key), mes_slice));
[INFO] [stdout] 84 +     let T_1 = xor_arrays(encrypt_block(&iv, key), mes_slice);
[INFO] [stdout]    |
[INFO] [stdout] 
[INFO] [stdout] 
[INFO] [stdout] warning: unnecessary parentheses around assigned value
[INFO] [stdout]   --> src/mods.rs:94:19
[INFO] [stdout]    |
[INFO] [stdout] 94 |         let T_i = (xor_arrays(encrypt_block(&slice, key), mes_slice));
[INFO] [stdout]    |                   ^                                                 ^
[INFO] [stdout]    |
[INFO] [stdout] help: remove these parentheses
[INFO] [stdout]    |
[INFO] [stdout] 94 -         let T_i = (xor_arrays(encrypt_block(&slice, key), mes_slice));
[INFO] [stdout] 94 +         let T_i = xor_arrays(encrypt_block(&slice, key), mes_slice);
[INFO] [stdout]    |
[INFO] [stdout] 
[INFO] [stdout] 
[INFO] [stdout] warning: unnecessary parentheses around assigned value
[INFO] [stdout]    --> src/mods.rs:107:15
[INFO] [stdout]     |
[INFO] [stdout] 107 |     let T_1 = (xor_arrays(encrypt_block(&iv, key), ciph_slice));
[INFO] [stdout]     |               ^                                               ^
[INFO] [stdout]     |
[INFO] [stdout] help: remove these parentheses
[INFO] [stdout]     |
[INFO] [stdout] 107 -     let T_1 = (xor_arrays(encrypt_block(&iv, key), ciph_slice));
[INFO] [stdout] 107 +     let T_1 = xor_arrays(encrypt_block(&iv, key), ciph_slice);
[INFO] [stdout]     |
[INFO] [stdout] 
[INFO] [stdout] 
[INFO] [stdout] warning: unnecessary parentheses around assigned value
[INFO] [stdout]    --> src/mods.rs:118:19
[INFO] [stdout]     |
[INFO] [stdout] 118 |         let T_i = (xor_arrays(encrypt_block(&slice, key), ciph_slice));
[INFO] [stdout]     |                   ^                                                  ^
[INFO] [stdout]     |
[INFO] [stdout] help: remove these parentheses
[INFO] [stdout]     |
[INFO] [stdout] 118 -         let T_i = (xor_arrays(encrypt_block(&slice, key), ciph_slice));
[INFO] [stdout] 118 +         let T_i = xor_arrays(encrypt_block(&slice, key), ciph_slice);
[INFO] [stdout]     |
[INFO] [stdout] 
[INFO] [stdout] 
[INFO] [stdout] warning: unused imports: `cbc_decrypt`, `cbc_encrypt`, `cfb_decrypt`, `cfb_encrypt`, `ctr_decrypt`, `ctr_encrypt`
[INFO] [stdout]  --> src/main.rs:5:45
[INFO] [stdout]   |
[INFO] [stdout] 5 | use crate::mods::{ecb_encrypt, ecb_decrypt, cbc_decrypt, cbc_encrypt, cfb_decrypt, cfb_encrypt, ctr_decrypt, ctr_encrypt};
[INFO] [stdout]   |                                             ^^^^^^^^^^^  ^^^^^^^^^^^  ^^^^^^^^^^^  ^^^^^^^^^^^  ^^^^^^^^^^^  ^^^^^^^^^^^
[INFO] [stdout] 
[INFO] [stdout] 
[INFO] [stdout] error: aborting due to 3 previous errors; 10 warnings emitted
[INFO] [stdout] 
[INFO] [stdout] 
[INFO] [stdout] For more information about this error, try `rustc --explain E0432`.
[INFO] [stdout] 
[INFO] [stderr] error: could not compile `Crypto` (bin "Crypto" test) due to 4 previous errors; 10 warnings emitted
[INFO] [stderr] warning: build failed, waiting for other jobs to finish...
[INFO] [stdout] error: aborting due to 3 previous errors; 10 warnings emitted
[INFO] [stdout] 
[INFO] [stdout] 
[INFO] [stdout] For more information about this error, try `rustc --explain E0432`.
[INFO] [stdout] 
[INFO] [stderr] error: could not compile `Crypto` (bin "Crypto") due to 4 previous errors; 10 warnings emitted
[INFO] running `Command { std: "docker" "inspect" "577c3e6b7e05c440cf32af11dd04b16b0ff973a0f323b77001db05c7775f7f91", kill_on_drop: false }`
[INFO] running `Command { std: "docker" "rm" "-f" "577c3e6b7e05c440cf32af11dd04b16b0ff973a0f323b77001db05c7775f7f91", kill_on_drop: false }`
[INFO] [stdout] 577c3e6b7e05c440cf32af11dd04b16b0ff973a0f323b77001db05c7775f7f91
